[INFO] cloning repository https://github.com/andrewcsmith/owt-rust
[INFO] running `Command { std: "git" "-c" "credential.helper=" "-c" "credential.helper=/workspace/cargo-home/bin/git-credential-null" "clone" "--bare" "https://github.com/andrewcsmith/owt-rust" "/workspace/cache/git-repos/https%3A%2F%2Fgithub.com%2Fandrewcsmith%2Fowt-rust", kill_on_drop: false }`
[INFO] [stderr] Cloning into bare repository '/workspace/cache/git-repos/https%3A%2F%2Fgithub.com%2Fandrewcsmith%2Fowt-rust'...
[INFO] running `Command { std: "git" "rev-parse" "HEAD", kill_on_drop: false }`
[INFO] [stdout] 6d77840a6c7e77621ca0ed3810df594997bbbdb2
[INFO] checking andrewcsmith/owt-rust against try#72f88fc4e9458f89516a0b8b0868f3718aec5b47 for pr-74989
[INFO] running `Command { std: "git" "clone" "/workspace/cache/git-repos/https%3A%2F%2Fgithub.com%2Fandrewcsmith%2Fowt-rust" "/workspace/builds/worker-8/source", kill_on_drop: false }`
[INFO] [stderr] Cloning into '/workspace/builds/worker-8/source'...
[INFO] [stderr] done.
[INFO] validating manifest of git repo https://github.com/andrewcsmith/owt-rust on toolchain 72f88fc4e9458f89516a0b8b0868f3718aec5b47
[INFO] running `Command { std: "/workspace/cargo-home/bin/cargo" "+72f88fc4e9458f89516a0b8b0868f3718aec5b47" "read-manifest" "--manifest-path" "Cargo.toml", kill_on_drop: false }`
[INFO] started tweaking git repo https://github.com/andrewcsmith/owt-rust
[INFO] finished tweaking git repo https://github.com/andrewcsmith/owt-rust
[INFO] tweaked toml for git repo https://github.com/andrewcsmith/owt-rust written to /workspace/builds/worker-8/source/Cargo.toml
[INFO] crate git repo https://github.com/andrewcsmith/owt-rust already has a lockfile, it will not be regenerated
[INFO] running `Command { std: "/workspace/cargo-home/bin/cargo" "+72f88fc4e9458f89516a0b8b0868f3718aec5b47" "fetch" "--locked" "--manifest-path" "Cargo.toml", kill_on_drop: false }`
[INFO] [stderr] error: the lock file /workspace/builds/worker-8/source/Cargo.lock needs to be updated but --locked was passed to prevent this
[INFO] [stderr] If you want to try to generate the lock file without accessing the network, use the --offline flag.
[INFO] the lockfile is outdated, regenerating it
[INFO] running `Command { std: "/workspace/cargo-home/bin/cargo" "+72f88fc4e9458f89516a0b8b0868f3718aec5b47" "generate-lockfile" "--manifest-path" "Cargo.toml" "-Zno-index-update", kill_on_drop: false }`
[INFO] running `Command { std: "/workspace/cargo-home/bin/cargo" "+72f88fc4e9458f89516a0b8b0868f3718aec5b47" "fetch" "--locked" "--manifest-path" "Cargo.toml", kill_on_drop: false }`
[INFO] [stderr]  Downloading crates ...
[INFO] [stderr]   Downloaded simba v0.2.0
[INFO] [stderr]   Downloaded nalgebra v0.22.0
[INFO] running `Command { std: "docker" "create" "-v" "/var/lib/crater-agent-workspace/builds/worker-8/target:/opt/rustwide/target:rw,Z" "-v" "/var/lib/crater-agent-workspace/builds/worker-8/source:/opt/rustwide/workdir:ro,Z" "-v" "/var/lib/crater-agent-workspace/cargo-home:/opt/rustwide/cargo-home:ro,Z" "-v" "/var/lib/crater-agent-workspace/rustup-home:/opt/rustwide/rustup-home:ro,Z" "-e" "SOURCE_DIR=/opt/rustwide/workdir" "-e" "CARGO_TARGET_DIR=/opt/rustwide/target" "-e" "CARGO_HOME=/opt/rustwide/cargo-home" "-e" "RUSTUP_HOME=/opt/rustwide/rustup-home" "-w" "/opt/rustwide/workdir" "-m" "1610612736" "--user" "0:0" "--network" "none" "rustops/crates-build-env@sha256:d92eaeed33fa75130ca1ee6c8a01d1ffb62bac859dfdfb3450e3e5d1c0146529" "/opt/rustwide/cargo-home/bin/cargo" "+72f88fc4e9458f89516a0b8b0868f3718aec5b47" "metadata" "--no-deps" "--format-version=1", kill_on_drop: false }`
[INFO] [stdout] 501677ce80749b2a3b2dd85669166a902f0ef370540dd9e680602e553ef09362
[INFO] [stderr] WARNING: Your kernel does not support swap limit capabilities or the cgroup is not mounted. Memory limited without swap.
[INFO] running `Command { std: "docker" "start" "-a" "501677ce80749b2a3b2dd85669166a902f0ef370540dd9e680602e553ef09362", kill_on_drop: false }`
[INFO] running `Command { std: "docker" "inspect" "501677ce80749b2a3b2dd85669166a902f0ef370540dd9e680602e553ef09362", kill_on_drop: false }`
[INFO] running `Command { std: "docker" "rm" "-f" "501677ce80749b2a3b2dd85669166a902f0ef370540dd9e680602e553ef09362", kill_on_drop: false }`
[INFO] [stdout] 501677ce80749b2a3b2dd85669166a902f0ef370540dd9e680602e553ef09362
[INFO] running `Command { std: "docker" "create" "-v" "/var/lib/crater-agent-workspace/builds/worker-8/target:/opt/rustwide/target:rw,Z" "-v" "/var/lib/crater-agent-workspace/builds/worker-8/source:/opt/rustwide/workdir:ro,Z" "-v" "/var/lib/crater-agent-workspace/cargo-home:/opt/rustwide/cargo-home:ro,Z" "-v" "/var/lib/crater-agent-workspace/rustup-home:/opt/rustwide/rustup-home:ro,Z" "-e" "SOURCE_DIR=/opt/rustwide/workdir" "-e" "CARGO_TARGET_DIR=/opt/rustwide/target" "-e" "CARGO_INCREMENTAL=0" "-e" "RUST_BACKTRACE=full" "-e" "RUSTFLAGS=--cap-lints=forbid" "-e" "CARGO_HOME=/opt/rustwide/cargo-home" "-e" "RUSTUP_HOME=/opt/rustwide/rustup-home" "-w" "/opt/rustwide/workdir" "-m" "1610612736" "--user" "0:0" "--network" "none" "rustops/crates-build-env@sha256:d92eaeed33fa75130ca1ee6c8a01d1ffb62bac859dfdfb3450e3e5d1c0146529" "/opt/rustwide/cargo-home/bin/cargo" "+72f88fc4e9458f89516a0b8b0868f3718aec5b47" "check" "--frozen" "--all" "--all-targets" "--message-format=json", kill_on_drop: false }`
[INFO] [stdout] 34586612617ee44fff94526fe41a76083ec8c5b66771ec9f6a9f675cc957ed11
[INFO] [stderr] WARNING: Your kernel does not support swap limit capabilities or the cgroup is not mounted. Memory limited without swap.
[INFO] running `Command { std: "docker" "start" "-a" "34586612617ee44fff94526fe41a76083ec8c5b66771ec9f6a9f675cc957ed11", kill_on_drop: false }`
[INFO] [stderr]     Blocking waiting for file lock on package cache
[INFO] [stderr]    Compiling autocfg v1.0.1
[INFO] [stderr]    Compiling libc v0.2.77
[INFO] [stderr]    Compiling getrandom v0.1.15
[INFO] [stderr]    Compiling proc-macro-hack v0.5.18
[INFO] [stderr]     Checking ppv-lite86 v0.2.9
[INFO] [stderr]     Checking rawpointer v0.2.1
[INFO] [stderr]     Checking generic-array v0.13.2
[INFO] [stderr]     Checking matrixmultiply v0.2.3
[INFO] [stderr]    Compiling num-traits v0.2.12
[INFO] [stderr]    Compiling num-integer v0.1.43
[INFO] [stderr]    Compiling num-complex v0.2.4
[INFO] [stderr]    Compiling num-rational v0.2.4
[INFO] [stderr]     Checking rand_core v0.5.1
[INFO] [stderr]     Checking rand_chacha v0.2.2
[INFO] [stderr]    Compiling paste-impl v0.1.18
[INFO] [stderr]     Checking rand v0.7.3
[INFO] [stderr]     Checking approx v0.3.2
[INFO] [stderr]     Checking paste v0.1.18
[INFO] [stderr]     Checking simba v0.2.0
[INFO] [stderr]     Checking rand_distr v0.2.2
[INFO] [stderr]     Checking nalgebra v0.22.0
[INFO] [stderr]     Checking owt v0.1.0 (/opt/rustwide/workdir)
[INFO] [stdout] error[E0432]: unresolved imports `na::DVec`, `na::DMat`, `na::Transpose`, `na::Inv`, `na::Diag`, `na::Iterable`
[INFO] [stdout]  --> src/lib.rs:2:10
[INFO] [stdout]   |
[INFO] [stdout] 2 | use na::{DVec, DMat, Norm, Transpose, Inv, Diag, Iterable};
[INFO] [stdout]   |          ^^^^  ^^^^        ^^^^^^^^^  ^^^  ^^^^  ^^^^^^^^ no `Iterable` in the root
[INFO] [stdout]   |          |     |           |          |    |
[INFO] [stdout]   |          |     |           |          |    no `Diag` in the root
[INFO] [stdout]   |          |     |           |          no `Inv` in the root
[INFO] [stdout]   |          |     |           no `Transpose` in the root
[INFO] [stdout]   |          |     |           help: a similar name exists in the module: `Transform`
[INFO] [stdout]   |          |     no `DMat` in the root
[INFO] [stdout]   |          no `DVec` in the root
[INFO] [stdout] 
[INFO] [stdout] 
[INFO] [stdout] warning: unused import: `Norm`
[INFO] [stdout]  --> src/lib.rs:2:22
[INFO] [stdout]   |
[INFO] [stdout] 2 | use na::{DVec, DMat, Norm, Transpose, Inv, Diag, Iterable};
[INFO] [stdout]   |                      ^^^^
[INFO] [stdout]   |
[INFO] [stdout]   = note: `#[warn(unused_imports)]` on by default
[INFO] [stdout] 
[INFO] [stdout] 
[INFO] [stdout] warning: unused imports: `FromIterator`, `IntoIterator`
[INFO] [stdout]  --> src/lib.rs:3:17
[INFO] [stdout]   |
[INFO] [stdout] 3 | use std::iter::{FromIterator, Iterator, IntoIterator};
[INFO] [stdout]   |                 ^^^^^^^^^^^^            ^^^^^^^^^^^^
[INFO] [stdout] 
[INFO] [stdout] 
[INFO] [stdout] error[E0432]: unresolved imports `na::DVec`, `na::DMat`, `na::Transpose`, `na::Inv`, `na::Diag`, `na::Iterable`
[INFO] [stdout]  --> src/lib.rs:2:10
[INFO] [stdout]   |
[INFO] [stdout] 2 | use na::{DVec, DMat, Norm, Transpose, Inv, Diag, Iterable};
[INFO] [stdout]   |          ^^^^  ^^^^        ^^^^^^^^^  ^^^  ^^^^  ^^^^^^^^ no `Iterable` in the root
[INFO] [stdout]   |          |     |           |          |    |
[INFO] [stdout]   |          |     |           |          |    no `Diag` in the root
[INFO] [stdout]   |          |     |           |          no `Inv` in the root
[INFO] [stdout]   |          |     |           no `Transpose` in the root
[INFO] [stdout]   |          |     |           help: a similar name exists in the module: `Transform`
[INFO] [stdout]   |          |     no `DMat` in the root
[INFO] [stdout]   |          no `DVec` in the root
[INFO] [stdout] 
[INFO] [stdout] 
[INFO] [stdout] error[E0432]: unresolved imports `na::DVec`, `na::DMat`, `na::Iterable`
[INFO] [stdout]   --> src/lib.rs:77:14
[INFO] [stdout]    |
[INFO] [stdout] 77 |     use na::{DVec, DMat, Iterable};
[INFO] [stdout]    |              ^^^^  ^^^^  ^^^^^^^^ no `Iterable` in the root
[INFO] [stdout]    |              |     |
[INFO] [stdout]    |              |     no `DMat` in the root
[INFO] [stdout]    |              no `DVec` in the root
[INFO] [stdout] 
[INFO] [stdout] 
[INFO] [stdout] warning: unused import: `Norm`
[INFO] [stdout]  --> src/lib.rs:2:22
[INFO] [stdout]   |
[INFO] [stdout] 2 | use na::{DVec, DMat, Norm, Transpose, Inv, Diag, Iterable};
[INFO] [stdout]   |                      ^^^^
[INFO] [stdout]   |
[INFO] [stdout]   = note: `#[warn(unused_imports)]` on by default
[INFO] [stdout] 
[INFO] [stdout] 
[INFO] [stdout] warning: unused imports: `FromIterator`, `IntoIterator`
[INFO] [stdout]  --> src/lib.rs:3:17
[INFO] [stdout]   |
[INFO] [stdout] 3 | use std::iter::{FromIterator, Iterator, IntoIterator};
[INFO] [stdout]   |                 ^^^^^^^^^^^^            ^^^^^^^^^^^^
[INFO] [stdout] 
[INFO] [stdout] 
[INFO] [stdout] error: aborting due to previous error; 2 warnings emitted
[INFO] [stdout] 
[INFO] [stdout] 
[INFO] [stdout] For more information about this error, try `rustc --explain E0432`.
[INFO] [stdout] 
[INFO] [stderr] error: could not compile `owt`.
[INFO] [stderr] 
[INFO] [stderr] To learn more, run the command again with --verbose.
[INFO] [stderr] warning: build failed, waiting for other jobs to finish...
[INFO] [stdout] error: aborting due to 2 previous errors; 2 warnings emitted
[INFO] [stdout] 
[INFO] [stdout] 
[INFO] [stdout] For more information about this error, try `rustc --explain E0432`.
[INFO] [stdout] 
[INFO] [stderr] error: build failed
[INFO] running `Command { std: "docker" "inspect" "34586612617ee44fff94526fe41a76083ec8c5b66771ec9f6a9f675cc957ed11", kill_on_drop: false }`
[INFO] running `Command { std: "docker" "rm" "-f" "34586612617ee44fff94526fe41a76083ec8c5b66771ec9f6a9f675cc957ed11", kill_on_drop: false }`
[INFO] [stdout] 34586612617ee44fff94526fe41a76083ec8c5b66771ec9f6a9f675cc957ed11
